s (-3 - (-7 - 2)) + -13?
-7
Calculate -1 + -7 + -13 + 14.
-7
What is 0 - (-2 + 5 + -3 - -1)?
-1
0 + -1 + (0 - -4)
3
(-1 - -4) + -4 + -1
-2
What is the value of (-3 - (2 + -16)) + -8?
3
-2 - 1 - ((-3 - 4) + 3)
1
Evaluate 6 + 2 + 38 + -45.
1
What is (-10 + 3 - -3) + -2?
-6
27 + -17 + (-5 - (-1 + -1))
7
Calculate 6 + -2 + -14 + (-4 - -4).
-10
Evaluate 4 - (3 + -3) - 4.
0
What is (-1 - 5) + (1 - 2 - -2)?
-5
Evaluate 40 + -45 + (0 - -5).
0
Calculate 0 + (5 + -6 - 0 - -2).
1
What is -3 - -3 - (7 + (4 - 6))?
-5
What is (-13 - -9) + (6 - (-3 - 0))?
5
Evaluate 0 - 12 - (-14 + 9).
-7
Calculate -4 - -5 - 4 - (0 - 3).
0
Evaluate 1 + 7 - (13 - 10).
5
Calculate (3 - 5 - -3) + 2 + -8.
-5
What is the value of 12 - (8 + 1) - (9 + -1)?
-5
Calculate -8 - (-6 - (8 + 0)).
6
What is the value of -8 + 9 + (0 - -1) - 0?
2
Evaluate -2 - (5 - (3 - -1)).
-3
(5 - (-6 - -8)) + -4
-1
Calculate 14 - 13 - (-3 + -1).
5
Calculate 9 + -11 + -1 + 2.
-1
What is 1 + 2 + (39 - 49)?
-7
Calculate -8 + 0 + (-37 - -37).
-8
Evaluate 1 - (6 + -1 + 0).
-4
Calculate (0 - 0) + 66 + -61.
5
(0 - (-1 - 11)) + -1 - 3
8
What is -4 + -9 + 7 + -1?
-7
Evaluate -4 - 1 - (-2 - 10 - -3).
4
What is the value of (-66 - -67) + (1 + 0 - -1)?
3
What is the value of 2 - 1 - (4 - 4 - -3)?
-2
What is the value of (2 + -2 - -2) + (13 - 10)?
5
What is 7 - 1 - -4 - 5?
5
Evaluate 6 + -4 + -11 + 2.
-7
What is the value of 5 - (2 + 6 + -4) - 6?
-5
What is the value of 6 - ((-1 - -4) + (-2 - -2))?
3
What is 1 + 0 + (0 + 0 - -2)?
3
-4 - 0 - (-1 - (-8 - -5))
-6
(8 - 6) + -17 - (-5 + -2)
-8
What is the value of 38 + -44 - (-6 + 2)?
-2
What is (0 - -3) + -3 - (-2 - 0)?
2
Evaluate (1 - (-1 - (1 - 3))) + -1.
-1
-3 + 9 + -4 + 3 + -4
1
-7 + (4 + -3 - (-3 - -2))
-5
Evaluate 6 + (-20 - -10) - 2.
-6
Evaluate -3 + -2 - (-7 + -3) - 0.
5
What is the value of -1 - (-5 + (5 - 2))?
1
-6 - (-5 + 0) - 2
-3
Evaluate 0 + 1 + (3 - 5) + -3.
-4
Evaluate 0 + -8 - (-34 - -33).
-7
What is -13 - (-5 + 0 + -1)?
-7
(0 - (-2 + -2)) + -6
-2
Calculate -32 + 23 - (-7 + 1).
-3
What is the value of -1 - (3 + -7) - (-1 + -1)?
5
Evaluate 1 - 9 - (-10 + 2 + 3).
-3
Evaluate 1 - -1 - 2 - (15 - 15).
0
What is the value of 7 + (-1 - 2 - -3)?
7
Evaluate 0 + (3 - (6 + 0)).
-3
What is the value of 5 + (2 - -1) - 4?
4
Calculate (0 - -1) + -1 + (3 - 3).
0
Calculate -1 + 0 - (34 + -41).
6
(-21 - -25) + (-1 - 0)
3
What is the value of (105 - 109) + -1 + 8?
3
What is 1 - (-14 - -15 - (0 + 0))?
0
What is -5 + (-7 - -3) + 9?
0
Evaluate 1 - (-4 + 5 + 5).
-5
-3 + -3 + 4 + 0
-2
0 + (-5 - (-9 + 5))
-1
What is the value of 11 + (-8 - (-5 - -4))?
4
Evaluate -1 + (0 - (3 + -6)) - -1.
3
What is 6 - (-4 - -2 - -7 - -2)?
-1
Evaluate 3 + 2 + -7 + -6 + 6.
-2
What is the value of 14 + (-1 - 11 - (26 + -31))?
7
What is the value of -9 - (-8 + (-2 - -5))?
-4
What is the value of -2 - (-2 - (2 + 0))?
2
What is 11 + (-5 + -1 - (-20 - -15))?
10
Evaluate 3 + -2 + 2 - 2 - 1.
0
Evaluate (6 - (14 - 8)) + (3 - 1).
2
1 - (3 - 0 - 7 - -6)
-1
Evaluate -1 + -7 + 2 + 1.
-5
What is -4 - -1 - (17 - 10 - 13)?
3
1 + 3 - (-1 - -2)
3
Evaluate 1 - 0 - (-2 + 3) - 1.
-1
Evaluate -6 - -4 - (-2 + 1).
-1
Evaluate (-8 - -2) + 6 + 2.
2
What is the value of (12 - (2 - -2)) + -4?
4
What is the value of -31 + 19 + (5 - 0)?
-7
1 - (6 + -4 + -5)
4
Calculate 2 + (-1 - 1 - 1) + 4.
3
0 - 3 - (2 + -5) - 0
0
Calculate -2 + (4 - (-1 - -2)).
1
What is the value of -3 - (1 + -3) - (-7 + 5)?
1
What is the value of 1 + (-4 - 0) - (-12 + 5)?
4
7 - 3 - (1 - -2)
1
Evaluate 23 + -17 - (16 - 4).
-6
Calculate (6 - 3) + (1 - -2) + -8.
-2
What is 0 + -4 + (-4 - -13) - 2?
3
What is 6 + -4 + (0 - (-11 - -5))?
8
Evaluate 0 + (-5 - -9 - 3).
1
What is (-17 - -14) + (1 - 3)?
-5
Calculate (6 - (-7 + 5)) + -5.
3
What is the value of -8 - ((0 - 1) + 1 + -14)?
6
Evaluate 0 + (1 + -6 - -5 - 4).
-4
Evaluate -36 + 30 - (3 + 1 + -8).
-2
What is the value of -10 - (-16 + 11 + -3)?
-2
What is the value of 4 + 2 + (-8 - (3 + -3))?
-2
9 - (-2 + (6 - -2))
3
What is -18 + 19 + (-1 - -2 - -4)?
6
Calculate -69 + 61 - (-1 - 1).
-6
What is the value of 10 - 4 - (-2 + 6 - -3)?
-1
Calculate (-1 - 4 - -4) + -3.
-4
5 - ((-3 - -2) + 0 + 4)
2
Calculate 15 - (21 - 16) - (2 - 1).
9
Evaluate 0 - (-7 + 6) - -3.
4
(1 - (4 + 3)) + 9 - -2
5
What is the value of 2 + (-2 - 4) + 8?
4
What is (-1 + 6 - 2) + -2?
1
Calculate 0 + -8 + 10 + -9 + 2.
-5
What is -4 + 7 - (0 - -1) - -2?
4
Calculate 4 - ((-1 - -1) + 0 - -2).
2
Calculate (1 - -1) + (-4 - -3) - 5.
-4
Calculate 2 - -6 - (16 + -7).
-1
What is the value of (1 + 3 - (5 - 2)) + -1?
0
What is the value of 56 + -47 - (0 - -6)?
3
What is -2 + 1 - (-5 + 9 - 4)?
-1
6 - (3 + 2) - -4
5
What is 4 - (1 + (3 - 3))?
3
What is -25 + 15 - (-1 + -5)?
-4
What is the value of -4 + (-2 - (2 + -5))?
-3
What is the value of 3 - (-5 + 6 + (1 - -4))?
-3
Calculate -4 - -4 - 0 - (2 - -1).
-3
2 + 0 + -6 + -14 + 15
-3
Evaluate 0 - (-4 + 5 + -5 + 0).
4
What is 1 + -6 + -3 + 7?
-1
(3 - (-2 + 2)) + (-30 - -30)
3
Evaluate -1 - (-6 - (-3 - -2)).
4
What is 11 - 13 - (4 + -10)?
4
Calculate 0 - 5 - (-7 + 0).
2
-2 + (12 - 4 - 13)
-7
What is 1 - -8 - (-13 - (12 + -37))?
-3
6 - 8 - (3 - -2)
-7
What is -6 - (7 + -12 + 5 - 13)?
7
Evaluate (8 - 1) + 0 + (4 - 16).
-5
What is 1 + 3 - (-6 + 9) - 5?
-4
Calculate (1 - (-2 - -2)) + -4.
-3
(-9 - -15) + (6 - (-2 + 14))
0
What is the value of -13 - (-12 - (-2 + -3))?
-6
Evaluate (15 - 18) + 6 + -2 + -2.
-1
What is 15 + -3 + -5 - 9?
-2
What is the value of 3 + -14 + 5 + 4?
-2
2 + 6 + (-2 - (0 + 1))
5
Evaluate -7 + 0 + 4 - -10.
7
What is the value of (3 - 1) + 2 + -8 + -5?
-9
Calculate -6 - -3 - -6 - (6 + 1).
-4
What is 3 - (4 + 2 + 2)?
-5
Evaluate (0 - -6) + 1 - 2.
5
Calculate 5 - (-8 - -3 - -12 - -1).
-3
(1 - -2) + (-8 - -8) + -4
-1
What is -1 + 3 - (-8 + 21 + -7)?
-4
Calculate -3 - (-4 + 6 - 5).
0
What is the value of 1 - (-6 + -2 - -16)?
-7
Calculate -1 - 3 - (7 - (0 + 12)).
1
Evaluate 3 + (-18 - 8) + 13.
-10
-2 - (6 - 4 - 6)
2
What is the value of 0 + (6 - 5 - -4) + -3?
2
What is the value of -3 + (18 - 9) + 0?
6
What is the value of 3 + -6 + 2 + 1 + -4?
-4
Calculate (4 - (-2 + 1 - -1)) + -3.
1
What is the value of (6 - 1 - 10) + 3 + 0?
-2
Evaluate -17 - -12 - (3 + -8 - 1).
1
Calculate (3 - 10) + 6 - 5.
-6
What is (0 - 0 - -3) + -15 - -6?
-6
-1 + -3 + 2 - (27 - 34)
5
What is (8 - 3 - (-1 - -3)) + 1?
4
What is -6 + -2 - (30 + -38)?
0
What is the value of -10 + (-3 - -9) + 3?
-1
Calculate 3 + -11 + -5 + 12.
-1
Calculate 1 - 7 - (51 + -51).
-6
2 + -18 - (-15 - -6)
-7
Calculate (4 - (-7 + 15)) + 7.
3
-17 + 28 + -12 - (6 - 2)
-5
What is -1 + -1 - -4 - 5 - -3?
0
-1 - (4 + -4 + 4) - -6
1
(26 - 25) + 4 + 2
7
What is (6 - 1) + -7 - (0 + -3)?
1
Calculate 19 + -20 - ((1 - 2) + -4).
4
What is -2 + 9 + (11 - 9 - 9)?
0
Evaluate 1 + -4 - (10 + -9) - -12.
8
Evaluate 9 + (11 - (-2 + 27)).
-5
What is -2 - (0 + -6) - 4?
0
What is -10 + 3 + (3 - 1)?
-5
Calculate 4 - 1 - (-2 + -8 + 19).
-6
Calculate -3 - (-7 + 4 - (-1 + 2)).
1
Calculate -8 + (2 - (-3 - -2)).
-5
7 + -1 + (0 - 0 - 4)
2
Calculate (5 - (-7 - -8)) + -4.
0
Calculate -3 + (2 + -5 + 1 - -4).
-1
5 - (0 - 4 - -5 - -3)
1
Evaluate -15 + 20 - (0 + 6).
-1
What is -4 + -1 + 11 - 1 - -1?
6
What is 2 + -12 - (6 - 9) - -6?
-1
Evaluate -2 - ((-2 - 0) + (18 - 19)).
1
What is 1 - (9 + -11 - 4)?
7
Calculate 6 + 3 + (-4 - 0).
5
Evaluate (7 - 0) + -12 + 8.
3
What is the value of -6 + (1 - 4) + 5?
-4
Calculate 1 - 1 - (12 - (17 - 7)).
-2
-8 - -5 - ((1 - 3) + 0)
-1
Calculate 2 + -1 + 1 - (5 + -1).
-2
-8 + 2 + 6 + -5
-5
Calculate (5 - 7) + (5 - 6).
-3
Calculate -3 - -9 - (13 + -5).
-2
7 - (0 - (2 - (5 + 1)))
3
7 + (-9 - -3) + 4
5
Calculate -8 + -5 - -1 - -9.
-3
What is the value of 10 + 1 - (-1 - (4 + -11))?
5
Evaluate (2 + -6 - -3) + (-5 - -1).
-5
Evaluate (2 - -1) + -37 + 37.
3
(-8 - (8 - 15)) + -1 + 0
-2
What is -13 + 5 + -3 - -13?
2
-5 + 1 + 1 + 2 + -5
-6
What is -3 + 12 + -3 + -12?
-6
0 - -7 - (4 - 0)
3
What is the value of 7 - (-3 - -19) - -7?
-2
What is the value of -2 + 2 + 4 + -2?
2
Calculate -3 + (5 - 3) - 2.
-3
8 - (2 + -6) - 2
10
-4 + 6 - -1 - (0 + -1)
4
What is -1 + -3 + 2 - (6 - 7)?
-1
What is -1 + (-3 - 0) - (33 - 37)?
0
(4 - (9 - 4)) + -11 + 6
-6
Calculate 0 - (-5 - -2) - (6 - 2).
-1
Calculate -1 + (5 + -8 - 1).
-5
What is the value of (-2 + 2 - 2) + -1?
-3
Calculate 10 - (3